142.
12
What is the remainder when 4025952 is divided by 2012948?
56
What is the remainder when 21208807 is divided by 1928068?
59
Calculate the remainder when 11062524 is divided by 11062522.
2
What is the remainder when 1530818 is divided by 86?
18
What is the remainder when 20589 is divided by 1060?
449
Calculate the remainder when 34853759 is divided by 80.
79
Calculate the remainder when 36110838 is divided by 2552.
38
What is the remainder when 122872 is divided by 44?
24
Calculate the remainder when 50361847 is divided by 2130.
127
What is the remainder when 3398354 is divided by 2968?
2962
Calculate the remainder when 975576 is divided by 790.
716
What is the remainder when 395234 is divided by 5970?
1214
What is the remainder when 40756 is divided by 13531?
163
Calculate the remainder when 10449131 is divided by 315.
266
Calculate the remainder when 170985 is divided by 4712.
1353
Calculate the remainder when 2939347 is divided by 814.
807
What is the remainder when 2701930 is divided by 341?
187
What is the remainder when 302078 is divided by 50334?
74
Calculate the remainder when 249157 is divided by 16.
5
What is the remainder when 251776 is divided by 4412?
292
Calculate the remainder when 217019 is divided by 18025.
719
What is the remainder when 155124 is divided by 1758?
420
Calculate the remainder when 27135 is divided by 2682.
315
Calculate the remainder when 72299 is divided by 169.
136
What is the remainder when 232539423 is divided by 8612571?
6
Calculate the remainder when 29557 is divided by 4558.
2209
Calculate the remainder when 46554 is divided by 22274.
2006
What is the remainder when 2774470 is divided by 102750?
220
Calculate the remainder when 10091541 is divided by 10091458.
83
Calculate the remainder when 269535885 is divided by 2867403.
3
Calculate the remainder when 478342 is divided by 2135.
102
What is the remainder when 24234287 is divided by 8078072?
71
Calculate the remainder when 424794 is divided by 83616.
6714
Calculate the remainder when 105623 is divided by 523.
500
What is the remainder when 2090223 is divided by 696681?
180
Calculate the remainder when 64208 is divided by 7017.
1055
Calculate the remainder when 4478175 is divided by 164.
155
What is the remainder when 121188 is divided by 3145?
1678
Calculate the remainder when 2074795 is divided by 600.
595
Calculate the remainder when 743202 is divided by 6944.
194
What is the remainder when 42621 is divided by 14187?
60
What is the remainder when 604905 is divided by 144?
105
What is the remainder when 33606 is divided by 25891?
7715
Calculate the remainder when 653070 is divided by 3349.
15
What is the remainder when 1439520 is divided by 85?
45
What is the remainder when 70091606 is divided by 58?
56
Calculate the remainder when 363164174 is divided by 76.
74
What is the remainder when 1471699 is divided by 182?
47
What is the remainder when 21734877 is divided by 49?
45
What is the remainder when 7124 is divided by 2205?
509
What is the remainder when 8068517 is divided by 434?
23
Calculate the remainder when 1319558 is divided by 5475.
83
What is the remainder when 4662517 is divided by 113719?
38
Calculate the remainder when 3784727 is divided by 4.
3
What is the remainder when 157256 is divided by 151617?
5639
What is the remainder when 7781206 is divided by 6862?
6560
Calculate the remainder when 4063941 is divided by 453.
78
What is the remainder when 18077 is divided by 4348?
685
Calculate the remainder when 6740555 is divided by 94937.
28
Calculate the remainder when 65950 is divided by 458.
456
What is the remainder when 7080153 is divided by 2359921?
390
Calculate the remainder when 5055057 is divided by 592.
561
Calculate the remainder when 29936 is divided by 936.
920
What is the remainder when 89097957 is divided by 511?
508
Calculate the remainder when 13636164 is divided by 28.
24
What is the remainder when 5326414 is divided by 423?
421
What is the remainder when 1991600 is divided by 100?
0
What is the remainder when 6294212 is divided by 406?
400
Calculate the remainder when 13473856 is divided by 33.
22
What is the remainder when 393164 is divided by 4012?
4000
Calculate the remainder when 38975081 is divided by 7.
5
Calculate the remainder when 14261960 is divided by 2122.
2120
Calculate the remainder when 49346679 is divided by 721.
718
Calculate the remainder when 916938 is divided by 6034.
5804
Calculate the remainder when 1835977 is divided by 83.
17
What is the remainder when 4592021 is divided by 3772?
1497
Calculate the remainder when 2903594 is divided by 627.
584
What is the remainder when 2325277 is divided by 332181?
10
What is the remainder when 1032505 is divided by 1032336?
169
Calculate the remainder when 10963701 is divided by 115.
61
Calculate the remainder when 16847060 is divided by 57.
26
What is the remainder when 877952 is divided by 292649?
5
Calculate the remainder when 2316059 is divided by 257317.
206
What is the remainder when 1042768 is divided by 77?
34
What is the remainder when 4575291 is divided by 604?
595
What is the remainder when 4557681 is divided by 40?
1
Calculate the remainder when 176590 is divided by 43849.
1194
What is the remainder when 49324528 is divided by 250?
28
What is the remainder when 3243126 is divided by 1453?
30
Calculate the remainder when 1865028 is divided by 19427.
36
Calculate the remainder when 1334777 is divided by 333646.
193
Calculate the remainder when 3249609 is divided by 541592.
57
What is the remainder when 1947 is divided by 391?
383
Calculate the remainder when 2914602 is divided by 414.
42
Calculate the remainder when 241653 is divided by 166.
123
Calculate the remainder when 64915123 is divided by 35.
28
What is the remainder when 1265609 is divided by 10287?
308
Calculate the remainder when 68578517 is divided by 8.
5
Calculate the remainder when 71743 is divided by 17895.
163
Calculate the remainder when 453521 is divided by 113360.
81
What is the remainder when 49244 is divided by 2729?
122
Calculate the remainder when 1654018 is divided by 10.
8
What is the remainder when 665100 is divided by 39?
33
Calculate the remainder when 209699 is divided by 100.
99
Calculate the remainder when 9077089 is divided by 73201.
165
Calculate the remainder when 15535 is divided by 115.
10
Calculate the remainder when 29476787 is divided by 2590.
2587
Calculate the remainder when 135610 is divided by 4136.
3258
What is the remainder when 2862806 is divided by 207?
203
Calculate the remainder when 1724089 is divided by 29.
10
Calculate the remainder when 20674793 is divided by 131.
111
What is the remainder when 103539 is divided by 1325?
189
What is the remainder when 30256938 is divided by 266?
236
Calculate the remainder when 975214 is divided by 187.
9
What is the remainder when 57952 is divided by 1808?
96
What is the remainder when 19608304 is divided by 1703?
1665
Calculate the remainder when 58237 is divided by 55.
47
What is the remainder when 119673 is divided by 2347?
2323
Calculate the remainder when 9962832 is divided by 79070.
12
What is the remainder when 3387959 is divided by 5545?
5509
What is the remainder when 24448954 is divided by 61?
32
What is the remainder when 227460 is divided by 3662?
416
Calculate the remainder when 34172586 is divided by 240652.
2
What is the remainder when 257796 is divided by 4178?
2938
What is the remainder when 3890244 is divided by 548?
540
Calculate the remainder when 266804299 is divided by 13297.
13291
What is the remainder when 237681 is divided by 1628?
1621
What is the remainder when 43252 is divided by 1018?
496
What is the remainder when 316332 is divided by 289?
166
Calculate the remainder when 418343 is divided by 1165.
108
What is the remainder when 6082559 is divided by 440?
439
Calculate the remainder when 4241 is divided by 2567.
1674
What is the remainder when 42249 is divided by 1441?
460
What is the remainder when 166200959 is divided by 240?
239
What is the remainder when 837634 is divided by 33503?
59
Calculate the remainder when 3120418 is divided by 82.
72
Calculate the remainder when 1070563 is divided by 83.
29
Calculate the remainder when 941553 is divided by 313369.
1446
What is the re